
4486
In base 10, what is 1 - 59?
-58
In base 14, what is 16b5 + -2?
16b3
In base 9, what is -7 - -20?
12
In base 5, what is 3 - -403?
411
In base 8, what is -10 + 14?
4
In base 6, what is -50 - -1220?
1130
In base 6, what is 30533 + 4?
30541
In base 9, what is 158 - 12?
146
In base 16, what is -3e + 1?
-3d
In base 13, what is -2 - 46?
-48
In base 10, what is -199 - 0?
-199
In base 14, what is -5b + -24?
-81
In base 10, what is -1 + 655?
654
In base 4, what is -2 + -321?
-323
In base 12, what is -18 - 641?
-659
In base 2, what is 11110100001 + 101?
11110100110
In base 7, what is -35402 - 1?
-35403
In base 6, what is -543 + -1?
-544
In base 9, what is 3 + -438?
-435
In base 15, what is -2a + -5b?
-86
In base 14, what is -3 + -126?
-129
In base 3, what is 20 + -21?
-1
In base 13, what is -5 + 269?
264
In base 13, what is -2 - 29?
-2b
In base 8, what is 117775 - -3?
120000
In base 2, what is 100110001 - 11?
100101110
In base 3, what is 211 - 1?
210
In base 4, what is -110 + -1?
-111
In base 12, what is -4 + -57?
-5b
In base 8, what is 14043 - -3?
14046
In base 5, what is 110 + -22?
33
In base 6, what is 40 - -5?
45
In base 13, what is -184 - -1?
-183
In base 5, what is -10104 - 21?
-10130
In base 10, what is 405 - 0?
405
In base 14, what is -3a3 + -4?
-3a7
In base 14, what is -b + 12?
5
In base 4, what is -22 - 122?
-210
In base 5, what is 1214112 + -3?
1214104
In base 14, what is 4 - 102d?
-1029
In base 12, what is -224 + -b?
-233
In base 15, what is 3 - 135?
-132
In base 3, what is -12 - 12100?
-12112
In base 10, what is -4 + 50?
46
In base 3, what is 12 + 1220?
2002
In base 10, what is -3 + -408?
-411
In base 9, what is -4 - -2288?
2284
In base 12, what is 5 + 713?
718
In base 10, what is 20 - 30?
-10
In base 10, what is 215 + 44?
259
In base 11, what is a + -5?
5
In base 9, what is 1716 - 5?
1711
In base 13, what is 5 + -69?
-64
In base 14, what is 8 + d6?
100
In base 16, what is -2 + 18?
16
In base 15, what is 4 + 716?
71a
In base 5, what is 4 - 2001?
-1442
In base 16, what is 20 + -25?
-5
In base 3, what is -222220222 - -10?
-222220212
In base 8, what is 22 + 7?
31
In base 2, what is -101011 + 11001010?
10011111
In base 4, what is 2 + -23013?
-23011
In base 5, what is 33 + -140?
-102
In base 5, what is 1240 - -131?
1421
In base 3, what is 1102 - 21221?
-20112
In base 13, what is -15 - 18?
-30
In base 6, what is -11 + 1450?
1435
In base 3, what is 22 + -201221?
-201122
In base 13, what is 3 - 7c?
-79
In base 2, what is -1101 + -10111?
-100100
In base 7, what is 2263 + -2?
2261
In base 10, what is 17 - -129?
146
In base 15, what is 2 + -1?
1
In base 14, what is 190 + -3?
18b
In base 7, what is -26 + -14?
-43
In base 9, what is -16 - -1?
-15
In base 15, what is -502 + -c?
-50e
In base 13, what is 17a + 1?
17b
In base 11, what is 794 - 4?
790
In base 7, what is -21 - -26?
5
In base 15, what is -662 - -2?
-660
In base 2, what is -10000 + -1010?
-11010
In base 14, what is 60 - 10?
50
In base 11, what is -12 + 2a3?
291
In base 10, what is 33 - -107?
140
In base 8, what is 27 + 256?
305
In base 10, what is 4 + 869?
873
In base 12, what is -32 - -97?
65
In base 13, what is -a - 50?
-5a
In base 7, what is -5566 + -3?
-5602
In base 16, what is 50 + -7?
49
In base 3, what is 100 + 1?
101
In base 5, what is -2343 + 3?
-2340
In base 5, what is -1 + 2244?
2243
In base 14, what is -6 + 652?
64a
In base 10, what is 814 + -2?
812
In base 7, what is 54 - 36?
15
In base 16, what is 4 - 1cb8?
-1cb4
In base 5, what is -1002 - -42?
-410
In base 9, what is -2 + 536?
534
In base 13, what is -3 + 1623?
1620
In base 10, what is 3 + 8383?
8386
In base 11, what is -485 - -1?
-484
In base 2, what is -11 - -11010010?
11001111
In base 12, what is -1 - -8a?
89
In base 14, what is -3 + -2a?
-2d
In base 6, what is -11 + 101?
50
In base 8, what is -10 - 60?
-70
In base 12, what is 111a - -5?
1123
In base 11, what is -7 + -18?
-24
In base 2, what is 10 + -10000011?
-10000001
In base 15, what is 8 - -6b7?
6c0
In base 7, what is 41 - 0?
41
In base 9, what is -40 - -684?
644
In base 3, what is -20100 + -11?
-20111
In base 10, what is -3 + 301?
298
In base 11, what is 3a8 - -3?
400
In base 8, what is 0 + 1052?
1052
In base 3, what is 2 - -11211212?
11211221
In base 11, what is -1890 - -2?
-1889
In base 10, what is -11 - 55?
-66
In base 10, what is -1336 + -4?
-1340
In base 16, what is -2 + 59f?
59d
In base 3, what is -11 + 1022?
1011
In base 5, what is 4 - 110?
-101
In base 13, what is -3 - 680?
-683
In base 11, what is 20a + -1?
209
In base 3, what is -120110010 - -2?
-120110001
In base 8, what is 314 - -36?
352
In base 3, what is -12 - 101?
-120
In base 6, what is 20 + -1?
15
In base 15, what is 138 - 3?
135
In base 8, what is -1111 + 0?
-1111
In base 2, what is 1 + 10011110011?
10011110100
In base 7, what is -3 + 24?
21
In base 9, what is -74 + 1?
-73
In base 3, what is 11021 + 1110?
12201
In base 14, what is 85 - 3?
82
In base 3, what is -12102 - 210?
-20012
In base 10, what is -69 - -109?
40
In base 3, what is -21010 + 0?
-21010
In base 9, what is 332 - 12?
320
In base 14, what is 42 + 16?
58
In base 13, what is 170 - -3?
173
In base 11, what is 135 + 0?
135
In base 12, what is -10a5 + -2?
-10a7
In base 4, what is 32 + 200?
232
In base 11, what is 707 - 1?
706
In base 8, what is 51 + 61?
132
In base 4, what is 1 + -3130?
-3123
In base 11, what is -11 - -93?
82
In base 12, what is -25 - 7?
-30
In base 5, what is -1200 - 401?
-2101
In base 14, what is 102 - -5?
107
In base 4, what is 132 + -30?
102
In base 13, what is -1 - -53?
52
In base 11, what is 4 + 1?
5
In base 15, what is 8d - -5?
93
In base 6, what is 14 + 3?
21
In base 3, what is -10 - 102?
-112
In base 16, what is 1f - 22?
-3
In base 10, what is 51 + -3?
48
In base 7, what is 6 + -301?
-262
In base 8, what is 764 - -1?
765
In base 11, what is -3 + -105?
-108
In base 13, what is -201c + 1?
-201b
In base 7, what is -3346 + 4?
-3342
In base 4, what is 23 - 21?
2
In base 4, what is -3 + 1202?
1133
In base 3, what is -21 + 2221?
2200
In base 3, what is 0 - -1020?
1020
In base 4, what is 33 - -1?
100
In base 5, what is 1322 + 13?
1340
In base 15, what is -71 - 4?
-75
In base 10, what is 5 + -656?
-651
In base 11, what is -16 - 6?
-21
In base 9, what is 8140 - -3?
8143
In base 16, what is -58a - 2?
-58c
In base 5, what is 4 - -10331?
10340
In base 2, what is -11111101 - 101?
-100000010
In base 9, what is -2 - -273?
271
In base 15, what is -170 - b?
-17b
In base 16, what is 9d - a?
93
In base 14, what is -410 - -10?
-400
In base 11, what is 82 + 89?
160
In base 14, what is 21d - 19?
204
In base 11, what is -17 - 238?
-254
In base 12, what is 127 - 19?
10a
In base 15, what is 2287 + 4?
228b
In base 9, what is 754 + -1?
753
In base 15, what is 5 + -137?
-132
In base 3, what is -2 + -11202?
-11211
In base 13, what is -2ac + a?
-2a2
In base 16, what is 211 + -1?
210
In base 15, what is 1634 + 0?
1634
In base 3, what is 1010 + -1011?
-1
In base 11, what is 1 + -584?
-583
In base 7, what is -44 + -262?
-336
In base 9, what is 16 + -1?
15
In base 5, what is -2011 - 12?
-2023
In base 13, what is 4ba + -1?
4b9
In base 16, what is -12c + 1f?
-10d
In base 2, what is 100 - -110?
1010
In base 16, what is -2807 + 0?
-2807
In base 2, what is 100 - -111100111000?
111100111100
In base 8, what is -2 - 605?
-607
In base 14, what is 4 + 2b?
31
In base 13, what is 643 - 4?
63c
In base 14, what is -b + 0?
-b
In base 6, what is 32452 - 10?
32442
In base 7, what is -31 + -6?
-40
In base 7, what is -5 - 26?
-34
In base 2, what is 110001 + 101?
110110
In base 6, what is 204 - 30?
134
In base 16, what is -be + c?
-b2
In base 11, what is -1 - -57?
56
In base 11, what is -3 - a8?
-100
In base 14, what is -2 - -40?
3c
In base 16, what is -7 + 9e?
97
In base 7, what is 10 + -141?
-131
In base 8, what is 3 + -62?
-57
In base 16, what is -b + 6?
-5
In base 6, what is 13 - -20?
33
In base 5, what is 1013 + 220?
1233
In base 5, what is -102 + 213?
111
In base 9, what is 10 - 12?
-2
In base 16, what is -38 - -1a?
-1e
In base 6, what is -1513 + -1?
-1514
In base 13, what is -5 + -1bb?
-1c3
In base 13, what is -5b57 - 2?
-5b59
In base 15, what is a - -11?
1b
In base 6, what is -433 - -4?
-425
In base 13, what is 28a4 + -3?
28a1
In base 13, what is 10 + -1?
c